83
List the prime factors of 428527646.
2, 2969, 72167
What are the prime factors of 156736301?
19, 523, 15773
List the prime factors of 335499481.
557, 602333
List the prime factors of 68460034.
2, 34230017
List the prime factors of 622458867.
3, 19, 23, 491, 967
List the prime factors of 16819023.
3, 13, 431257
What are the prime factors of 6429721744?
2, 463, 867943
List the prime factors of 3533236101.
3, 392581789
What are the prime factors of 284501442?
2, 3, 47416907
What are the prime factors of 229213157?
109, 2102873
List the prime factors of 7853478.
2, 3, 31, 42223
List the prime factors of 850857167.
850857167
List the prime factors of 2165235112.
2, 270654389
List the prime factors of 37998538.
2, 1993, 9533
List the prime factors of 153245694.
2, 3, 7, 3648707
List the prime factors of 173393716.
2, 43, 47, 89, 241
List the prime factors of 1016733463.
1016733463
List the prime factors of 531462489.
3, 177154163
List the prime factors of 103076575.
5, 7, 167, 3527
What are the prime factors of 235495745?
5, 47099149
What are the prime factors of 5394985428?
2, 3, 7, 17, 31, 47, 2593
List the prime factors of 449676712.
2, 463, 121403
List the prime factors of 1697247972.
2, 3, 7, 17, 41, 3221
What are the prime factors of 2233796877?
3, 13, 1468637
What are the prime factors of 3322187445?
3, 5, 101, 2192863
What are the prime factors of 4639187325?
3, 5, 61855831
List the prime factors of 132015623.
132015623
What are the prime factors of 3520833056?
2, 13, 97, 87253
What are the prime factors of 6795813980?
2, 5, 19, 17883721
List the prime factors of 69390136.
2, 59, 113, 1301
List the prime factors of 37699240.
2, 5, 547, 1723
List the prime factors of 21438415.
5, 23, 277, 673
What are the prime factors of 275044391?
275044391
List the prime factors of 2677804052.
2, 7, 11, 790379
What are the prime factors of 47387660?
2, 5, 2369383
What are the prime factors of 150761207?
139, 1084613
What are the prime factors of 308335144?
2, 13, 211, 14051
What are the prime factors of 6390555?
3, 5, 17, 19, 1319
What are the prime factors of 32689043?
32689043
List the prime factors of 194535596.
2, 29, 1677031
What are the prime factors of 244414775?
5, 11, 888781
What are the prime factors of 63398442?
2, 3, 23, 389, 1181
List the prime factors of 43550383.
43550383
List the prime factors of 65409211.
7, 9344173
What are the prime factors of 65914241?
461, 142981
What are the prime factors of 713627979?
3, 10333, 23021
List the prime factors of 40275647.
37, 349, 3119
List the prime factors of 551981357.
137, 1069, 3769
What are the prime factors of 37974157?
13, 2921089
What are the prime factors of 155757623?
7, 401, 7927
What are the prime factors of 403538686?
2, 201769343
List the prime factors of 32123939.
23, 661, 2113
List the prime factors of 145620500.
2, 5, 227, 1283
List the prime factors of 1431550547.
7, 41, 79, 103, 613
What are the prime factors of 1835424468?
2, 3, 16994671
What are the prime factors of 79398834?
2, 3, 19, 696481
What are the prime factors of 347367367?
19, 23, 61, 83, 157
List the prime factors of 756051724.
2, 19, 59, 103, 1637
List the prime factors of 893144987.
7, 29, 4399729
List the prime factors of 107762470.
2, 5, 293, 36779
List the prime factors of 305697761.
23, 311, 42737
What are the prime factors of 1237629566?
2, 21323, 29021
What are the prime factors of 49299760?
2, 5, 383, 1609
What are the prime factors of 10672770?
2, 3, 5, 17, 1231
List the prime factors of 1149002897.
7, 1399, 117329
List the prime factors of 178357265.
5, 35671453
What are the prime factors of 3727969781?
42499, 87719
What are the prime factors of 38698564?
2, 9674641
What are the prime factors of 2833590796?
2, 5051, 140249
List the prime factors of 28807069.
28807069
List the prime factors of 69940912.
2, 79, 55333
What are the prime factors of 3215139708?
2, 3, 11, 2377, 10247
What are the prime factors of 2972748743?
113, 467, 56333
List the prime factors of 3285647.
3285647
What are the prime factors of 5334203290?
2, 5, 13, 641, 64013
List the prime factors of 114365952.
2, 3, 8273
What are the prime factors of 1204944503?
7, 877, 196277
What are the prime factors of 8742117?
3, 337, 8647
List the prime factors of 1253011916.
2, 13, 43, 47, 11923
What are the prime factors of 88804022?
2, 17, 89, 29347
What are the prime factors of 50130149?
2741, 18289
What are the prime factors of 89418270?
2, 3, 5, 37, 80557
List the prime factors of 245392215.
3, 5, 16359481
List the prime factors of 1880868955.
5, 7, 193, 383, 727
What are the prime factors of 37947316?
2, 11, 101, 8539
What are the prime factors of 7159316162?
2, 3463, 1033687
List the prime factors of 1061190123.
3, 7, 23, 73, 30097
List the prime factors of 51114334.
2, 1051, 24317
List the prime factors of 43544701.
17, 47, 54499
What are the prime factors of 44496362?
2, 53, 419777
List the prime factors of 302183731.
15733, 19207
What are the prime factors of 92150641?
11, 8377331
What are the prime factors of 20556271?
19, 283, 3823
List the prime factors of 3255508080.
2, 3, 5, 11, 411049
What are the prime factors of 149902500?
2, 3, 5, 11, 23, 79
What are the prime factors of 1226507411?
29, 42293359
What are the prime factors of 1217697512?
2, 5209, 29221
List the prime factors of 2042003.
577, 3539
List the prime factors of 97036432.
2, 659, 9203
List the prime factors of 307959531.
3, 11, 9332107
What are the prime factors of 47602489?
11, 197, 1997
List the prime factors of 184780968.
2, 3, 7699207
What are the prime factors of 2701686906?
2, 3, 6577, 7607
List the prime factors of 283728978.
2, 3, 13, 1212517
What are the prime factors of 7179205454?
2, 3589602727
List the prime factors of 1006354586.
2, 3253, 154681
What are the prime factors of 120260638?
2, 73, 823703
What are the prime factors of 321686312?
2, 40210789
List the prime factors of 170477545.
5, 7, 1381, 3527
What are the prime factors of 56515147?
13, 4347319
List the prime factors of 96970943.
757, 128099
What are the prime factors of 131381437?
11, 313, 3469
List the prime factors of 1132502406.
2, 3, 7, 3852049
List the prime factors of 3105289453.
7, 19, 1451, 16091
List the prime factors of 675441094.
2, 6733, 50159
What are the prime factors of 759824210?
2, 5, 5477, 13873
What are the prime factors of 140858213?
140858213
What are the prime factors of 64324145?
5, 12864829
What are the prime factors of 202655771?
37, 67, 81749
List the prime factors of 1333421239.
26701, 49939
List the prime factors of 12937693.
1289, 10037
What are the prime factors of 1349849514?
2, 3, 13, 17305763
List the prime factors of 254895017.
13, 1429, 13721
What are the prime factors of 814015193?
4877, 166909
What are the prime factors of 11658411?
3, 47977
List the prime factors of 221751376.
2, 7, 11, 16363
What are the prime factors of 2274047187?
3, 463, 1637183
List the prime factors of 5252006953.
59, 151, 181, 3257
List the prime factors of 2631997555.
5, 11, 6607, 7243
List the prime factors of 1050372583.
13, 401, 201491
List the prime factors of 93301303.
9257, 10079
What are the prime factors of 159837525?
3, 5, 710389
List the prime factors of 153536439.
3, 7, 7311259
What are the prime factors of 1538289652?
2, 37, 2699, 3851
What are the prime factors of 260846558?
2, 7, 823, 22639
What are the prime factors of 51314721?
3, 17, 1006171
List the prime factors of 214816114.
2, 17, 1613, 3917
List the prime factors of 2151578140.
2, 5, 17, 6328171
What are the prime factors of 1536797570?
2, 5, 7, 11, 1995841
List the prime factors of 2111777077.
17, 401, 309781
List the prime factors of 753878364.
2, 3, 62823197
What are the prime factors of 42594465?
3, 5, 31, 139, 659
What are the prime factors of 35889982?
2, 23, 151, 5167
List the prime factors of 333535736.
2, 4153, 10039
What are the prime factors of 198239095?
5, 39647819
List the prime factors of 4145246761.
1601, 2589161
What are the prime factors of 1029733988?
2, 67, 283, 13577
List the prime factors of 437451960.
2, 3, 5, 11, 41, 59, 137
List the prime factors of 34053198.
2, 3, 239, 23747
List the prime factors of 1857848922.
2, 3, 281, 367309
List the prime factors of 815914208.
2, 67, 380557
List t